{"id":146,"date":"2025-10-15T19:23:24","date_gmt":"2025-10-15T19:23:24","guid":{"rendered":"https:\/\/dc-distribution.pro\/?post_type=product&#038;p=146"},"modified":"2025-10-15T19:38:46","modified_gmt":"2025-10-15T19:38:46","slug":"samyang-hot-chicken-dried-ramen-stew-big-bowl-120g","status":"publish","type":"product","link":"https:\/\/dc-distribution.pro\/?product=samyang-hot-chicken-dried-ramen-stew-big-bowl-120g","title":{"rendered":"SAMYANG HOT CHICKEN DRIED RAMEN STEW BIG BOWL 120G"},"content":{"rendered":"<p>\ud83d\udd25 <strong data-start=\"184\" data-end=\"239\">Samyang Hot Chicken Dried Ramen Stew Big Bowl 120 g<\/strong><br data-start=\"239\" data-end=\"242\" \/>D\u00e9couvrez la version <strong data-start=\"263\" data-end=\"275\">Big Bowl<\/strong> du c\u00e9l\u00e8bre ramen cor\u00e9en <strong data-start=\"300\" data-end=\"323\">Samyang Hot Chicken<\/strong>, au go\u00fbt intense et \u00e9pic\u00e9 qui a conquis les r\u00e9seaux sociaux \ud83c\udf36\ufe0f\ud83d\udd25. Cette recette \u201c<strong data-start=\"406\" data-end=\"419\">Stew Type<\/strong>\u201d offre une texture plus g\u00e9n\u00e9reuse et une sauce relev\u00e9e au <strong data-start=\"478\" data-end=\"494\">poulet \u00e9pic\u00e9<\/strong>, parfaite pour les amateurs de saveurs cors\u00e9es.<br data-start=\"542\" data-end=\"545\" \/>Pratique et rapide \u00e0 pr\u00e9parer, ce grand bol de 120 g est id\u00e9al pour une pause repas compl\u00e8te et savoureuse.<br data-start=\"652\" data-end=\"655\" \/>Un <strong data-start=\"658\" data-end=\"693\">produit viral et incontournable<\/strong> \u00e0 proposer en magasin pour r\u00e9pondre \u00e0 la forte demande de <strong data-start=\"752\" data-end=\"783\">nouilles cor\u00e9ennes tendance<\/strong> \ud83c\uddf0\ud83c\uddf7\u2728<\/p>\n","protected":false},"excerpt":{"rendered":"<div class=\"wp-block-woocommerce-product-price\" data-block-name=\"woocommerce\/product-price\" data-font-size=\"large\" data-is-descendent-of-single-product-template=\"true\">Carton de 16<\/div>\n<div class=\"wp-block-post-excerpt\">\n<p class=\"wp-block-post-excerpt__excerpt\">TGC: 0%<\/p>\n<\/div>\n","protected":false},"featured_media":148,"comment_status":"open","ping_status":"closed","template":"","meta":[],"product_brand":[36],"product_cat":[35],"product_tag":[],"class_list":{"0":"post-146","1":"product","2":"type-product","3":"status-publish","4":"has-post-thumbnail","6":"product_brand-buldak","7":"product_cat-nouilles-instantannes","9":"first","10":"instock","11":"taxable","12":"shipping-taxable","13":"product-type-simple"},"jetpack_sharing_enabled":true,"_links":{"self":[{"href":"https:\/\/dc-distribution.pro\/index.php?rest_route=\/wp\/v2\/product\/146","targetHints":{"allow":["GET"]}}],"collection":[{"href":"https:\/\/dc-distribution.pro\/index.php?rest_route=\/wp\/v2\/product"}],"about":[{"href":"https:\/\/dc-distribution.pro\/index.php?rest_route=\/wp\/v2\/types\/product"}],"replies":[{"embeddable":true,"href":"https:\/\/dc-distribution.pro\/index.php?rest_route=%2Fwp%2Fv2%2Fcomments&post=146"}],"wp:featuredmedia":[{"embeddable":true,"href":"https:\/\/dc-distribution.pro\/index.php?rest_route=\/wp\/v2\/media\/148"}],"wp:attachment":[{"href":"https:\/\/dc-distribution.pro\/index.php?rest_route=%2Fwp%2Fv2%2Fmedia&parent=146"}],"wp:term":[{"taxonomy":"product_brand","embeddable":true,"href":"https:\/\/dc-distribution.pro\/index.php?rest_route=%2Fwp%2Fv2%2Fproduct_brand&post=146"},{"taxonomy":"product_cat","embeddable":true,"href":"https:\/\/dc-distribution.pro\/index.php?rest_route=%2Fwp%2Fv2%2Fproduct_cat&post=146"},{"taxonomy":"product_tag","embeddable":true,"href":"https:\/\/dc-distribution.pro\/index.php?rest_route=%2Fwp%2Fv2%2Fproduct_tag&post=146"}],"curies":[{"name":"wp","href":"https:\/\/api.w.org\/{rel}","templated":true}]}}